{"id":413,"date":"2019-03-15T23:43:28","date_gmt":"2019-03-15T22:43:28","guid":{"rendered":"http:\/\/www.alayasolidarios.org\/?page_id=413"},"modified":"2019-10-18T12:34:41","modified_gmt":"2019-10-18T10:34:41","slug":"proximos-eventos","status":"publish","type":"page","link":"https:\/\/www.alayasolidarios.org\/?page_id=413","title":{"rendered":"PR\u00d3XIMOS EVENTOS"},"content":{"rendered":"\n<hr class=\"wp-block-separator\"\/>\n\n\n\n<div style=\"height:40px\" aria-hidden=\"true\" class=\"wp-block-spacer\"><\/div>\n\n\n\n<p>Aqu\u00ed ten\u00e9is todos los eventos que tenemos programados para que no os perd\u00e1is ninguno. \u00a1Os esperamos en todos!<\/p>\n\n\n\n<div style=\"height:30px\" aria-hidden=\"true\" class=\"wp-block-spacer\"><\/div>\n\n\n\n<p style=\"color:#0930bd\" class=\"has-text-color has-large-font-size\">Equipo femenino de basket de Ouagadougou<\/p>\n\n\n\n<div class=\"wp-block-media-text alignwide\"><figure class=\"wp-block-media-text__media\"><img loading=\"lazy\" width=\"700\" height=\"425\" src=\"https:\/\/www.alayasolidarios.org\/wp-content\/uploads\/2019\/10\/equipobasket-700x425.jpg\" alt=\"\" class=\"wp-image-487\" srcset=\"https:\/\/www.alayasolidarios.org\/wp-content\/uploads\/2019\/10\/equipobasket.jpg 700w, https:\/\/www.alayasolidarios.org\/wp-content\/uploads\/2019\/10\/equipobasket-300x182.jpg 300w\" sizes=\"(max-width: 700px) 100vw, 700px\" \/><\/figure><div class=\"wp-block-media-text__content\">\n<p class=\"has-medium-font-size\">Inclusi\u00f3n de l mujer discapacitada en la competici\u00f3n deportiva en la capital de Burkina Faso<\/p>\n<\/div><\/div>\n\n\n\n<hr class=\"wp-block-separator\"\/>\n\n\n\n<p style=\"color:#0930bd\" class=\"has-text-color has-large-font-size\">Escolarizaci\u00f3n Ni\u00f1as en Bobo-Dioulasso<\/p>\n\n\n\n<div class=\"wp-block-media-text alignwide\"><figure class=\"wp-block-media-text__media\"><img loading=\"lazy\" width=\"700\" height=\"425\" src=\"https:\/\/www.alayasolidarios.org\/wp-content\/uploads\/2019\/03\/bobo-1-700x425.png\" alt=\"\" class=\"wp-image-441\" srcset=\"https:\/\/www.alayasolidarios.org\/wp-content\/uploads\/2019\/03\/bobo-1-700x425.png 700w, https:\/\/www.alayasolidarios.org\/wp-content\/uploads\/2019\/03\/bobo-1-300x182.png 300w, https:\/\/www.alayasolidarios.org\/wp-content\/uploads\/2019\/03\/bobo-1-768x467.png 768w\" sizes=\"(max-width: 700px) 100vw, 700px\" \/><\/figure><div class=\"wp-block-media-text__content\">\n<p class=\"has-medium-font-size\">Colaboramos con la ONG Nou Sol para la escolarizaci\u00f3n de ni\u00f1as, sin recursos econ\u00f3micos, en Bobo-Dioulasso (Burkina Faso).<\/p>\n<\/div><\/div>\n","protected":false},"excerpt":{"rendered":"<p>Aqu\u00ed ten\u00e9is todos los eventos que tenemos programados para que no os perd\u00e1is ninguno. \u00a1Os esperamos en todos! Equipo femenino de basket de Ouagadougou Inclusi\u00f3n de l mujer discapacitada en la competici\u00f3n deportiva en la capital de Burkina Faso Escolarizaci\u00f3n Ni\u00f1as en Bobo-Dioulasso Colaboramos con la ONG Nou Sol para la escolarizaci\u00f3n de ni\u00f1as, sin&hellip;<\/p>\n","protected":false},"author":1,"featured_media":0,"parent":0,"menu_order":0,"comment_status":"closed","ping_status":"closed","template":"","meta":[],"_links":{"self":[{"href":"https:\/\/www.alayasolidarios.org\/index.php?rest_route=\/wp\/v2\/pages\/413"}],"collection":[{"href":"https:\/\/www.alayasolidarios.org\/index.php?rest_route=\/wp\/v2\/pages"}],"about":[{"href":"https:\/\/www.alayasolidarios.org\/index.php?rest_route=\/wp\/v2\/types\/page"}],"author":[{"embeddable":true,"href":"https:\/\/www.alayasolidarios.org\/index.php?rest_route=\/wp\/v2\/users\/1"}],"replies":[{"embeddable":true,"href":"https:\/\/www.alayasolidarios.org\/index.php?rest_route=%2Fwp%2Fv2%2Fcomments&post=413"}],"version-history":[{"count":21,"href":"https:\/\/www.alayasolidarios.org\/index.php?rest_route=\/wp\/v2\/pages\/413\/revisions"}],"predecessor-version":[{"id":491,"href":"https:\/\/www.alayasolidarios.org\/index.php?rest_route=\/wp\/v2\/pages\/413\/revisions\/491"}],"wp:attachment":[{"href":"https:\/\/www.alayasolidarios.org\/index.php?rest_route=%2Fwp%2Fv2%2Fmedia&parent=413"}],"curies":[{"name":"wp","href":"https:\/\/api.w.org\/{rel}","templated":true}]}}